Let v(g) = -g**2. Let n be v(1). Calculate b(n).
2
Let t(n) = 6*n**2 - 2*n + 6. Let u(k) = 8*k**2 - 3*k + 9. Let p(g) = 9*g**2 - 3*g + 10. Let r(d) = -3*p(d) + 4*u(d). Let j(q) = 5*r(q) - 4*t(q). Determine j(6).
0
Let b(q) = q + 9. Let k(p) = p**2 + p - 2. Let j be k(3). Let w = j - 16. Calculate b(w).
3
Let a(v) = v**2 + 8*v + 3. Suppose -3*i + 18 = -6*i. Give a(i).
-9
Let j(n) = -n. Let k be j(-4). Let s(t) = 6*t - 3*t + 0 - 4. Give s(k).
8
Let k(x) = x**3 - 6*x**2 - 7*x - 5. Let o = -28 - -35. Determine k(o).
-5
Suppose 0 = -5*b + 8 + 12. Let q(y) = -3*y - 1 + 8*y - 3*y**2 + 2*y**2. Determine q(b).
3
Let s(o) be the second derivative of 0 - 1/6*o**3 + 4*o**2 + 2*o. Calculate s(5).
3
Suppose -x = -2*f - 0*x + 11, -f + 4*x = -16. Let k(z) = z + 1. Let b(y) = y + 2. Let w(t) = -3*b(t) + 2*k(t). What is w(f)?
-8
Let y(z) = z**3 - 4*z**2 - 5*z + 2. Suppose 8*f - 6 = 34. Determine y(f).
2
Let t(f) be the second derivative of -2*f - 1/2*f**2 + 0 + 1/6*f**3. Let y be ((-8)/10)/(2/10). Determine t(y).
-5
Let p(f) = -f. Let l(w) = 4*w**2 + 4*w - 1. Let y(o) = l(o) + 2*p(o). What is y(1)?
5
Let i(b) = -b**3 + 5*b**2 - b + 2. Let z(s) = -s**2 + 3*s + 4. Let n be (5/10)/((-1)/(-6)). Let v be z(n). Suppose 4*t = 24 - v. What is i(t)?
-3
Let z(x) = -2*x**3 + 5*x**2 + 0*x**2 + 3 + 3*x - 5*x - x. Give z(3).
-15
Let v be -3*(1 - 6/2). Let t(j) = -398 + 2*j**3 - 7*j**2 - j**3 + 6*j + 395. What is t(v)?
-3
Let i(s) be the first derivative of s**2/2 - 8*s + 2. What is i(0)?
-8
Let t = 29 - 24. Let q(m) = -m**2 + 3*m + 6. Determine q(t).
-4
Let g(j) = 4*j**3 - 5*j**3 + 3 - 53*j**2 + 51*j**2 + 3*j - j. Calculate g(-2).
-1
Let b(h) = -5*h - 3. Let m(c) = 12 - 4*c - 3 + 18*c. Let p(j) = 8*b(j) + 3*m(j). Calculate p(-4).
-5
Let t(k) be the first derivative of k**6/360 + k**5/30 + k**4/12 + 2*k**3/3 - 2. Let a(i) be the third derivative of t(i). Calculate a(-5).
7
Let x(c) = c - 3. Let p = -52 + 31. Let d be (-108)/p - (-2)/(-14). Give x(d).
2
Let y(q) = -2*q**2 + 2 - q + 2*q + 4*q**2. Suppose 9 + 0 = 3*p. Suppose -5*x - 5 = -2*j - p, 6 = x - 2*j. Give y(x).
8
Suppose 0 = -2*s - 3*s - 10. Let t(h) = -1. Let p(q) = -2*q**2 - 4*q - 1. Let l(j) = -p(j) - t(j). What is l(s)?
2
Let l(z) = z**3 + 3*z**2 - 5*z + 3. Let x(u) = 3*u - 25. Let p be x(10). Suppose b + 6 = r, -r = p*b + 3*r + 12. What is l(b)?
7
Let o(q) = -q**2 + 3*q - 5. Let f be o(4). Let b be (1 - -1)/(f - -7). Let i(g) = -g + 3*g**2 - 6*g**2 + 2*g. What is i(b)?
-4
Let r(g) = g - 3. Let z be (8/(-18))/((-4)/18). Let p = 8 - z. What is r(p)?
3
Let b = 4/41 - 199/2460. Let n(t) be the third derivative of 0*t + 0 + 4*t**2 - t**3 + 7/24*t**4 - b*t**5. Give n(5).
4
Let i(f) = -f - 1. Let k be (-6)/(-33) - (-12)/(-66). Suppose k = 3*b, 0*b - 3*b = -3*w. What is i(w)?
-1
Let i = -8 - -14. Let q(c) = -2. Let z(p) be the first derivative of -p**2/2 + 3*p - 2. Let j(n) = i*q(n) + 4*z(n). What is j(-2)?
8
Let z be 1 - (-2*4 - -2). Suppose -8*c + 7*c - z = 0. Let o(n) = -n**3 - 7*n**2 - n + 2. What is o(c)?
9
Let d = -1 - -8. Suppose 2*r - 15 = d*r - w, -4*w = 3*r - 14. Let k(q) = -2*q**3 + 3 + q + 3*q**3 + 2*q + 2*q**2. What is k(r)?
-3
Let r(n) = -n + 7. Let a be r(5). Let w(o) = -4*o**3 + o**2 - 2*o**3 + 0*o**a - o - o**3. Calculate w(1).
-7
Let f(h) = -h**3 - 8*h**2 - 8*h - 2. Let q be f(-7). Let u(v) = -q + 0*v + v + 1. Suppose 5*z = 3*z - 8. What is u(z)?
-8
Let h be ((-5)/2 - 0)*-2. Let t(g) = g + 3. Let k(s) = -s - 4. Let z(y) = 2*k(y) + 3*t(y). Calculate z(h).
6
Let z be (-1)/(-1) + 3 + 2. Suppose 2*j + 4 = z*j. Let c(s) = s**3 - 1 + 4*s**2 - 5*s + j + 2. Calculate c(-5).
2
Suppose 0 = 6*j + 33 - 3. Let s(m) = -m**2 - 4*m + 4. Determine s(j).
-1
Let a be ((-28)/8)/7*-6. Let v = -3 + a. Let s(r) be the third derivative of r**6/120 + r**5/60 + r**4/24 - r**3/3 + r**2. Give s(v).
-2
Let q(u) = 10 - 18 + 11 + 8 - u. Give q(5).
6
Let o(g) be the third derivative of g**4/24 - 7*g**3/6 + 3*g**2. Let c be o(6). Let a(d) = 5*d - 1. Determine a(c).
-6
Let g(n) be the second derivative of 0 - 1/6*n**3 - 1/2*n**2 - 2*n. What is g(-5)?
4
Let k(f) = f**2 + 4*f + 6. Suppose -3*z - 2*z = 5*n, -z = 4*n - 12. Determine k(z).
6
Let x(d) = -2*d - 1. Let v(j) = 5*j - 12. Let s(w) = -v(w) - 2*x(w). Determine s(8).
6
Let a(n) = 25*n - 5. Let v(x) = 12*x - 2. Let k be (-42)/(-9) + (-5)/(-15). Let r(o) = k*v(o) - 2*a(o). Give r(-1).
-10
Let i(s) = -5 + 3 + 2*s - s**2 + 0 + 3. Determine i(4).
-7
Let u(z) = -2*z - 8. Suppose 0*p + p = -10. Let t be u(p). Let d(y) = -6 + y + t - 3. What is d(4)?
7
Let z be (2 - 0)/((-1 + 2)/2). Let q(r) = 8*r - 5. Calculate q(z).
27
Let b(r) = r**2 - r. Let j be 20/6*27/18. Give b(j).
20
Let x(n) = 3*n**3 + 4*n**2 - 11*n + 9. Let d(u) = -u**3 - 2*u**2 + 5*u - 4. Let s = -7 - -12. Let y(t) = s*d(t) + 2*x(t). What is y(2)?
4
Suppose 4*d + 3*l - 16 = 0, -2*l - 2 = -4*d + 14. Suppose -d*v - 2 = -22. Let c(b) = -b**2 + 5*b + 3. Give c(v).
3
Let a be 0 + -4 - -2 - -8. Suppose 0 = h + n - 2, -n + a = -3*n. Let g(x) = -x + 6. Calculate g(h).
1
Let a be -2 - (-4)/(12/15). Let h(f) = -4*f + f**a + 6*f + 6 - 6*f + 3*f + 6*f**2. Calculate h(-6).
12
Suppose 5*f - 2*o = 2, o = -5*f - 0*o + 14. Suppose -p - 21 = -4*p. Suppose f + p = 3*a. Let u(r) = -3*r + 2. What is u(a)?
-7
Suppose -h - 2 = 0, 3*w + 2*h - 23 = -0*h. Suppose 4*l = 2*y, -5*l - 17 - w = 4*y. Let z(o) = o**3 + 3*o**2 - 4*o + 4. Determine z(y).
4
Let q = 14 + -12. Suppose -q*a + 5*h + 4 = -16, -5*a - 3*h + 19 = 0. Let d(z) = -z. Let w(r) = r - 6. Let x(u) = 2*d(u) - w(u). Calculate x(a).
-9
Let j(z) be the third derivative of z**8/10080 - z**7/5040 + z**6/720 + z**5/30 - 3*z**2. Let a(f) be the third derivative of j(f). What is a(2)?
7
Let f(g) = -4*g + 2. Let v be f(2). Let a(r) = r**2 + 6*r - 3. What is a(v)?
-3
Let r(q) = -2*q + 6. Suppose -4*z - 6 = 2*x, -2*x + 0*x = -5*z + 15. Give r(x).
16
Let v(j) be the second derivative of -j**5/10 - j**4/4 - j**3/2 - j**2 - 25*j. Calculate v(-2).
8
Let i(p) = -p**3 + p**2 + 4*p - 1. Let m = -12 + 7. Let n = 8 + m. Calculate i(n).
-7
Let q(y) = y**2 + 5*y + 1. Let l be q(-5). Let g(a) = -4*a**2 + a. Calculate g(l).
-3
Let r(i) = 4 - 7*i**2 + 1 + i - i**3 + 0*i**3. What is r(-7)?
-2
Let v = 17 + -29. Let n(d) = d**2 + 11*d - 9. Let x be n(v). Let q(j) = 2*j**2 - 5*j + 4. Calculate q(x).
7
Suppose 0 = b - 4*b + 4*f - 54, f = 3. Let i be b/(-49) + 66/14. Let l(c) = -c**2 + 4*c + 6. Give l(i).
1
Let d = 26 + -13. Let h(z) = 19 - 2*z - d + 3*z. Suppose -o - 1 = 2. Determine h(o).
3
Suppose 5*k + 7*k = -24. Let w(s) be the first derivative of s**3/3 + 3*s**2/2 - s + 1. Calculate w(k).
-3
Suppose 4 = -2*d, 3*u + 0 = -2*d + 2. Let c(z) = -z**u + 18 - 18 - 4*z. What is c(-4)?
0
Let s = 9 - 6. Let t(o) = -4*o**3 + 5*o**s - 3*o + o + o**2 - 1 - 2*o**2. Let u be t(-1). Let k(l) = -7*l**3 - l**2 - 2*l - 1. What is k(u)?
7
Let u(r) = -4*r - 6. Let k = 3 + -13. Let l = k - -6. What is u(l)?
10
Let x(q) be the first derivative of -2*q**3/3 + q**2/2 + q - 63. Calculate x(-2).
-9
Let f(g) = 4*g + 0*g + g + 7 - 8. Give f(-2).
-11
Let c(m) = 3*m - 2 + 2 - 2 - 4*m. Let g be (8/(-6))/(1/3). Calculate c(g).
2
Let n(z) = -27*z - 2. Let q(r) = 14*r + 1. Let b(s) = 6*n(s) + 11*q(s). Calculate b(-3).
23
Let w(v) be the first derivative of v**4/4 - 2*v**3/3 - v**2/2 - 1. Suppose 0 = -5*s + 47 - 52. What is w(s)?
-2
Suppose 0 = -3*g + 6 + 9. Let j(i) = i - 2. Determine j(g).
3
Let z(y) = -y**3 + y**2 + 2*y + 1. Let n be z(2). Let a(w) = -n - 4 + 0 + 4*w + 3. Determine a(2).
6
Let q(a) = 3*a**2 + 2*a - 2. Let n be q(-2). Suppose 4*f = -2*h + 8, -2 = 3*h - n*h - f. Let w(t) = -t**3 + t**2 - 9. What is w(h)?
-9
Suppose -6*f = -f. Let y(n) = n + 9. Let p(c) = c + 1. Let a be p(-5). Let u(h) = -h - 10. Let o(b) = a*u(b) - 5*y(b). Calculate o(f).
-5
Let z(q) = 4*q**3 + 4*q - q - 2*q - 3*q**3 - 2*q**2 - 1. Suppose -5*m - 2*c = -0*c - 5, 5*m = -4*c - 5. Let h be -1 - (-3 + m + -2). Give z(h).
-1
Let v be 5 + -2*3/3. Suppose 20 = -v*q + 2*j, 0 = 3*j - 1 - 2. Let b = q - -2. Let f(z) = -z - 3. Calculate f(b).
1
Suppose 0 = -3*d + 2 + 7. Suppose 3*t - 12 = -3*k + 6*t, -12 = -d*k - 5*t. Let i(j) = -2*j**3 + j**3 + 4*j**2 - 2*j**3 + k*j**3 - 5*j + 2. Calculate i(-5).
2
Let t(s) be the first derivative of -5*s**4/24 - s**3/6 - s**2/2 + 3. Let b(r) be 